mmon divisor of q and 245.
5
Suppose -9*b = -2*b - 616. Let k be 407/b + (-3)/(-8). What is the greatest common divisor of k and 5?
5
Let j(g) = 20*g**2 - 3. Let x be j(-2). Calculate the greatest common factor of 33 and x.
11
Let q(p) = -5*p**2 + p + 7. Let o(b) = 2*b**2 - 4. Let m(k) = -5*o(k) - 3*q(k). Let f be m(3). What is the greatest common factor of 5 and f?
5
Let n(q) = 3 + 0*q**2 - q**3 - 7 - 4*q**2 + 2*q**3 - 2*q. Let v be n(4). Let b(o) = -o - 8. Let d be b(v). What is the greatest common divisor of d and 8?
4
Suppose 4*l = l + 120. Let d be (l/(-14))/((-30)/105). What is the greatest common divisor of 10 and d?
10
Let z = -34 - -28. Let c be (-13)/((-3 - z)/(-33)). Calculate the highest common divisor of c and 13.
13
Let g = -34 - -43. Suppose -f - g*f + 290 = 0. What is the greatest common factor of 29 and f?
29
Let u = -146 + 170. Calculate the greatest common factor of u and 16.
8
Suppose 858 = 15*q - 21*q. Let p = -18 - q. Calculate the greatest common divisor of 25 and p.
25
Let s = -161 + 166. Suppose -s*w + 17*w = 72. Calculate the highest common factor of 30 and w.
6
Let d = -127 + 554. Calculate the highest common divisor of d and 244.
61
Let l = -2855 + 4557. What is the highest common divisor of l and 74?
74
Suppose j + 2*n - 14 = -3, 2*n = 4*j - 44. Suppose -4*w + 3*o + 312 = -294, -146 = -w - 2*o. Let t = w - 29. What is the greatest common factor of t and j?
11
Suppose -4*s = -2*o - 105 - 25, 0 = 3*s + 4*o - 92. What is the greatest common factor of 64 and s?
32
Let o be 6 + (-234)/18 - (0 - 31). Let k = 10 + -5. Suppose k*v - 538 = -58. Calculate the greatest common divisor of o and v.
24
Let k be 1/(-3) + (-6132)/(-36) + -9. Calculate the highest common factor of k and 253.
23
Suppose o - 46 = -2*l + 6*o, 3*o - 78 = -2*l. Suppose -2*g + 45 = 2*s - 3, 2*g = 4*s - 84. Calculate the greatest common divisor of l and s.
11
Suppose -180*u + 253*u - 9490 = 0. Let z = -1 - -3. Suppose 6*s = z*s + 52. Calculate the greatest common divisor of s and u.
13
Let q be (4 + -4 + -1)*-41. Suppose 2*c - 43 = q. Calculate the highest common divisor of 21 and c.
21
Suppose -24*s + 25 = -19*s, -4*x + 36 = 4*s. Let d(v) = 4 + 7*v**3 - 4*v**3 - 2*v**3. Let p be d(0). What is the highest common divisor of x and p?
4
Let b be 2/15 - 1046/(-30). Let q = b - 18. Calculate the greatest common divisor of q and 68.
17
Let w(m) = m**3 + 24*m**2 + 42*m - 27. Let u be w(-22). Calculate the highest common divisor of 34 and u.
17
Let v = 278 - 248. Calculate the highest common divisor of 90 and v.
30
Let x(i) = 3*i**2 - 5*i - 7. Suppose 20 = 4*v - 0*v. Let b be x(v). Let u = -24 + b. Calculate the greatest common factor of 19 and u.
19
Let o(a) = -a**2 + 17*a - 14. Let k be o(14). Calculate the greatest common divisor of k and 952.
28
Suppose -3*y - 8 + 104 = m, -4*y + 128 = 2*m. Suppose -d + 0 = 5*k - 17, -3*k = 3*d - 87. What is the highest common factor of d and y?
32
Let m be -30*(3/(-1) + (-22)/(-11)). Let g be (2 + -35)*(-10)/m. What is the greatest common factor of g and 121?
11
Suppose -1062 - 1238 = -23*o. Calculate the greatest common factor of o and 120.
20
Let w = 939 + -921. Calculate the greatest common factor of 22 and w.
2
Let t = 6 + -10. Let n be (45/(-4))/9*t. Suppose m + 144 = n*m - 5*o, 4*m - 144 = -5*o. Calculate the highest common divisor of 24 and m.
12
Let i = -3808 - -3828. Let r be ((-48)/10)/((-2)/25). What is the highest common divisor of r and i?
20
Suppose -13*t = -423 - 1956. What is the greatest common factor of t and 244?
61
Let d(z) = 1. Let t(u) = -u**2 - 3*u - 17. Let j(y) = -5*d(y) - t(y). Let a be j(0). Calculate the greatest common divisor of 96 and a.
12
Let r = 35 - 11. Calculate the highest common divisor of r and 36.
12
Suppose z - 6 = -2. Let d be 90/z - (-48)/32. Calculate the highest common factor of 3 and d.
3
Suppose 3*v - 504 = -5*v. Let x(s) = -s + 3*s**2 + 8*s**2 + 10*s**2 + 1. Let z be x(1). Calculate the greatest common divisor of z and v.
21
Let s = 393 - 345. What is the highest common factor of 64 and s?
16
Let h(v) = -201*v + 786. Let k be h(-11). What is the highest common divisor of 37 and k?
37
Suppose -2*c - 63 - 175 = 0. Let s = 124 + c. What is the greatest common divisor of s and 2?
1
Let a = -115 - -135. Let s(v) = v**2 - 19*v + 10. Let b be s(a). Calculate the greatest common divisor of b and 45.
15
Let t be 8/40 + (-2556)/(-20). Let x = 2 + -4. Let s be 15 - (2 - (1 - x)). What is the highest common factor of s and t?
16
Let t(l) = 98*l**2 - 3*l - 3. Let a be t(-1). Calculate the highest common divisor of a and 245.
49
Suppose 3*l + 3*p + 267 = 0, 3*l + 0*l + p = -259. Let m = -83 - l. What is the greatest common divisor of 18 and m?
2
Let b(x) = 2*x - 19. Let p be b(15). Let t be 1/((-3)/18*-3). Let s be ((-1)/(1/(-2)))/t. What is the highest common factor of p and s?
1
Let p be 7 + -3 + -2 + 0. Suppose 0 = -p*t - u, -2*t - 6 = 3*t + 4*u. Suppose 24 = t*s - 8. Calculate the greatest common factor of 80 and s.
16
Let o be (21736/33)/(10/15). What is the greatest common factor of 76 and o?
76
Let a be (156/20 + -6)/((-1)/(-5)). Suppose 165 = 5*b - 195. What is the greatest common divisor of a and b?
9
Let z be (10 - 0)/((-46)/207). Let k = z + 68. What is the highest common divisor of 115 and k?
23
Let j be 2/2*(-38)/(-2). Let v be (-4)/(-8*12/7296). Calculate the highest common divisor of v and j.
19
Let p be 0*(4/(-4) + 2). Suppose p = -3*m - 3, a + 5*m - 3 = m. Suppose -a*f + 125 = -2*f. Calculate the greatest common divisor of 5 and f.
5
Let m(c) = 3*c**2. Let a be m(-2). Let i = -63 + 106. Suppose w - 38 = -2*g, w + g - i = -0*g. What is the highest common factor of a and w?
12
Suppose -12*a = 11*a - 506. Let c be (-3 + a - -2)/(6/8). What is the greatest common divisor of c and 4?
4
Let w = 22 - 5. Suppose -7*i + 95 = -w. Suppose -7*z + 576 = -3*z. Calculate the highest common divisor of i and z.
16
Suppose 0 = -2*i + 28 + 32. Suppose -7*r + 1173 = 1131. Calculate the highest common divisor of r and i.
6
Suppose -8*u - 3*u = 0. Let v = 42 - u. Calculate the greatest common divisor of v and 70.
14
Suppose -4*d + 135 = d. Suppose -8*r + 2511 - 135 = 0. Calculate the highest common factor of d and r.
27
Let s be (-1 + 33/9)*3. Suppose -47*t + 1948 = 68. Calculate the highest common factor of s and t.
8
Let b(w) = -31*w + 782. Let f be b(0). What is the highest common factor of f and 92?
46
Suppose 2*t = -2*j + 10, 4*t - 4*j - 23 - 5 = 0. Let f = 116 - 68. What is the highest common factor of t and f?
6
Let l = -141 + 214. Calculate the greatest common factor of l and 73.
73
Suppose 0 = 5*x - 88 - 92. Let u(l) = l - 3. Suppose 0*z + 23 = 3*z + 2*m, 3*z - 17 = 4*m. Let r be u(z). What is the highest common factor of r and x?
4
Let m(r) be the first derivative of -3*r**2/2 + 130*r - 3. Let g be m(0). Calculate the highest common factor of g and 26.
26
Suppose 220*r = 70*r + 3600. Let i be 4/((-4)/(-3)) - 0. Calculate the greatest common factor of i and r.
3
Suppose 22*b + 264 = 34*b. Calculate the greatest common divisor of 286 and b.
22
Let y(a) = -a**2 - 8*a + 12. Let i be y(-9). Suppose 4 = i*r + 13. Let m be 47 + 20/4 + r. Calculate the highest common divisor of m and 7.
7
Let o = -16 + 19. Suppose -3*m + 114 = o*u - 54, 3*u = 4*m + 161. What is the greatest common factor of u and 5?
5
Suppose 2*c - 6 = -0*c + 2*k, 3*c + 3 = -k. Suppose -2*g + c*g + 4 = 0. Suppose 0 = -g*w + 3*w - 5. Calculate the highest common factor of w and 40.
5
Let a = -84 + 52. Let f be 15/(-6)*a/5. Calculate the highest common factor of 4 and f.
4
Let o(a) = 30*a - 95. Let g be o(5). Let j be (6 - 2) + 2 + -1. What is the highest common divisor of g and j?
5
Suppose 0*z = 2*z - 42. Suppose 42 = -7*k + 4*k. Let p be 876/z + (-4)/k. Calculate the greatest common divisor of p and 28.
14
Let a = 995 - 989. Calculate the highest common divisor of 93 and a.
3
Suppose -115 = -5*p - t, 4*t = -0*t + 20. Suppose -z - 8 = p. Let n be 130/z*(-6)/2. Calculate the greatest common factor of 26 and n.
13
Let s(p) = 188*p + 18 - 91*p - 98*p. Let r be s(6). Calculate the highest common divisor of 12 and r.
12
Let s = 54 + 58. Suppose 0 = 4*h - 12, -4*g - 3*h + 0 = -1. Let d be (14/(-4))/(g/8). Calculate the highest co